e
Is 7087 a composite number?
True
Is 327346 a composite number?
True
Is 116486 prime?
False
Is 75011 a prime number?
True
Is 30035 a composite number?
True
Is 101237 a prime number?
False
Is 1163873 composite?
False
Is 3163 a prime number?
True
Is 4694683 a prime number?
False
Is 238213 a composite number?
False
Is 10427 a prime number?
True
Is 29009 prime?
True
Is 236183 a composite number?
True
Is 13766 prime?
False
Is 463781 a prime number?
True
Is 1565 a composite number?
True
Is 2299727 prime?
True
Is 10313 composite?
False
Is 131357 composite?
False
Is 60443 a prime number?
True
Is 139 a composite number?
False
Is 4229 prime?
True
Is 7789 composite?
False
Is 25163 composite?
False
Is 13591 prime?
True
Is 27317 a prime number?
False
Is 60519 composite?
True
Is 477859 prime?
False
Is 251338 prime?
False
Is 510611 a composite number?
False
Is 12929 prime?
False
Is 10367 a prime number?
False
Is 29411 a prime number?
True
Is 14509 prime?
False
Is 2100017 a prime number?
False
Is 37481 prime?
False
Is 16811 composite?
False
Is 48157 a composite number?
False
Is 177739 composite?
False
Is 101917 a composite number?
False
Is 3781 a composite number?
True
Is 58481 composite?
False
Is 5879 composite?
False
Is 22229 a composite number?
False
Is 4225819 a prime number?
False
Is 3487 a prime number?
False
Is 1361 composite?
False
Is 118351 prime?
False
Is 4317 composite?
True
Is 26993 a prime number?
True
Is 31307 composite?
False
Is 3433 prime?
True
Is 111029 a composite number?
False
Is 18353 composite?
False
Is 2060053 composite?
True
Is 14471 a prime number?
False
Is 109279 composite?
False
Is 12667 a prime number?
False
Is 249697 a composite number?
True
Is 341729 a composite number?
False
Is 2057311 prime?
False
Is 189079 prime?
False
Is 46433 prime?
False
Is 52747 a prime number?
True
Is 17657 a prime number?
True
Is 541 a prime number?
True
Is 32353 a prime number?
True
Is 14401 a prime number?
True
Is 16729 a prime number?
True
Is 178851 prime?
False
Is 9293 a composite number?
False
Is 7680605 composite?
True
Is 8659 composite?
True
Is 5557 prime?
True
Is 14621 a prime number?
True
Is 4589 prime?
False
Is 9461 a composite number?
False
Is 76441 a composite number?
False
Is 5533 prime?
False
Is 808517 prime?
True
Is 7969 composite?
True
Is 723731 a prime number?
False
Is 8657 a prime number?
False
Is 3137 a prime number?
True
Is 40693 a prime number?
True
Is 29363 prime?
True
Is 1003 a prime number?
False
Is 308359 a prime number?
True
Is 348949 a composite number?
False
Is 412739 composite?
False
Is 36591 composite?
True
Is 4253 a prime number?
True
Is 4054 a prime number?
False
Is 87011 prime?
True
Is 182995 composite?
True
Is 1009433 composite?
False
Is 168343 a prime number?
False
Is 4271 a composite number?
False
Is 90901 a composite number?
False
Is 18671 composite?
False
Is 59333 composite?
False
Is 3049 composite?
False
Is 264185 prime?
False
Is 61255 prime?
False
Is 1643581 a composite number?
False
Is 889 composite?
True
Is 214297 composite?
False
Is 889 composite?
True
Is 44827 a prime number?
False
Is 286673 prime?
True
Is 265565 prime?
False
Is 10903 a composite number?
False
Is 33 prime?
False
Is 19961 a prime number?
True
Is 487681 a composite number?
False
Is 715907 composite?
True
Is 24557 composite?
True
Is 78643 prime?
True
Is 169382 prime?
False
Is 821573 a composite number?
False
Is 8542 a composite number?
True
Is 6122 a composite number?
True
Is 51235 composite?
True
Is 2798 a composite number?
True
Is 108301 a prime number?
True
Is 234313 prime?
False
Is 6247 a composite number?
False
Is 17821 a prime number?
False
Is 19813 composite?
False
Is 7279 prime?
False
Is 19291 a composite number?
True
Is 33287 composite?
False
Is 12434 composite?
True
Is 33445 prime?
False
Is 26813 a prime number?
True
Is 225947 a prime number?
False
Is 7661293 prime?
True
Is 160307 prime?
False
Is 12881 a composite number?
True
Is 186271 composite?
False
Is 26762 composite?
True
Is 199583 a prime number?
True
Is 82595 a prime number?
False
Is 184051 composite?
True
Is 390019 prime?
False
Is 2813 composite?
True
Is 1477661 composite?
False
Is 202853 a prime number?
False
Is 40163 a prime number?
True
Is 8537 a composite number?
False
Is 553727 prime?
True
Is 1589281 prime?
True
Is 1564847 composite?
True
Is 242543 a prime number?
False
Is 156811 prime?
False
Is 15027 a prime number?
False
Is 38 a composite number?
True
Is 8207 prime?
False
Is 2545 a composite number?
True
Is 39251 prime?
True
Is 302711 prime?
True
Is 11987 composite?
False
Is 207271 composite?
True
Is 104849 a prime number?
True
Is 31121 a prime number?
True
Is 107171 a prime number?
True
Is 10559 a prime number?
True
Is 614041 a composite number?
False
Is 6637 a composite number?
False
Is 16943 prime?
True
Is 34667 prime?
True
Is 92813 prime?
False
Is 49057 a prime number?
True
Is 411133 a prime number?
False
Is 3457 a prime number?
True
Is 99223 prime?
True
Is 214163 composite?
False
Is 797155 prime?
False
Is 75011 a prime number?
True
Is 372731 composite?
True
Is 129169 composite?
False
Is 9587 prime?
True
Is 11777 prime?
True
Is 24221 composite?
True
Is 113431 composite?
True
Is 397649 composite?
True
Is 1499 a prime number?
True
Is 177439 a composite number?
True
Is 189815 a prime number?
False
Is 132971 a prime number?
True
Is 59599 a composite number?
True
Is 4151 a prime number?
False
Is 51109 a prime number?
True
Is 13849 prime?
False
Is 16013 prime?
False
Is 45791 a prime number?
False
Is 52223 prime?
True
Is 81847 composite?
False
Is 315485 prime?
False
Is 466763 composite?
True
Is 6121 composite?
False
Is 9017 a composite number?
True
Is 2771 prime?
False
Is 2173 prime?
False
Is 43853 composite?
False
Is 118127 a composite number?
False
Is 207709 composite?
False
Is 20857 composite?
False
Is 183485 a prime number?
False
Is 6023 a prime number?
False
Is 5130857 a prime number?
True
Is 149647 composite?
True
Is 5836559 composite?
True
Is 63569 prime?
False
Is 9461 prime?
True
Is 542447 a prime number?
True
Is 4006 a composite number?
True
Is 15763 composite?
True
Is 10499 a composite number?
False
Is 324011 a prime number?
True
Is 17529 a composite number?
True
Is 3601 prime?
False
Is 38209 a composite number?
True
Is 7349 a prime number?
True
Is 247183 a composite number?
False
Is 3061 a prime number?
True
Is 15107 a composite number?
False
Is 40659 composite?
True
Is 119965 prime?
False
Is 133141 a prime number?
False
Is 72061 composite?
True
Is 322939 a composite number?
False
Is 8053 a composite number?
False
Is 14765 a composite number?
True
Is 844885 a composite number?
True
Is 3995501 prime?
False
Is 37781 composite?
False
Is 29123 prime?
True
Is 4729 a prime number?
True
Is 43205 composite?
True
Is 271465 a prime number?
False
Is 4159 a prime number?
True
Is 2533 prime?
False
Is 558641 prime?
False
Is 12449 a prime number?
False
Is 99277 composite?
False
Is 987749 a composite number?
True
Is 1172893 a composite number?
False
Is 2897 a prime number?
True
Is 117223 a composite number?
False
Is 126517 composite?
False
Is 1342447 composite?
True
Is 30779 composite?
True
Is 10223 prime?
True
Is 4751 composite?
False
Is 1931 composite?
False
Is 412147 prime?
True
Is 997179 a composite number?
True
Is 1234109 composite?
False
Is 1097 a composite number?
False
Is 1934 a composite number?
True
Is 168013 a prime number?
True
Is 25249 a composite number?
True
Is 1337183 a composite number?
True
Is 9199 composite?
False
Is 10727 prime?
False
Is 804059 a prime number?
True
Is 42031 composite?
True
Is 1829959 composite?
False
Is 27106 a composite number?
True
Is 444271 composite?
False
Is 359 prime?
True
Is 481283 a prime number?
False
Is 839 a composite number?
False
Is 21353 a prime number?
False
Is 50437 composite?
True
Is 5309 a composite number?
False
Is 3593 a prime number?
True
Is 251 a prime number?
True
Is 543142 a composite number?
True
Is 111221 composite?
True
Is 35179 a prime number?
False
Is 2767 composite?
False
Is 406993 a composite number?
False
Is 201937 composite?
False
Is 894659 composite?
True
Is 24221 composite?
True
Is 18953 prime?
False
Is 109679 prime?
False
Is 1929839 a composite number?
False
Is 20089 a composite number?
False
Is 50333 a